p = n - -4. Suppose p = q + 4*q - 40. What is the greatest common factor of q and 12?
4
Suppose 5*p = -5*s + 5, 2*p = -7*s + 2*s + 5. What is the highest common divisor of 183 and s?
1
Suppose 11*r = -u + 6*r + 2527, 10124 = 4*u + 4*r. What is the highest common factor of u and 12?
12
Let t = 10 - -2. Let q = -4 + t. Suppose 5*x - x = 96. What is the highest common factor of q and x?
8
Let s = -139 - -140. Let m be ((-1378)/8 - s)/(2/(-8)). What is the highest common factor of 63 and m?
63
Let j be (-89 + -1)/(1 - (-3 + 3)). Let c = j + 115. What is the greatest common factor of 5 and c?
5
Suppose -8*d - 2760 = -23*d. What is the greatest common divisor of 23 and d?
23
Let g(c) = 2*c**2 + 8*c - 54. Let k be g(-9). Calculate the highest common factor of 36 and k.
36
Let x(k) = k**3 + 7*k**2 - 23*k - 15. Let w be x(-9). Calculate the highest common divisor of w and 70.
10
Let l be 4*(585/(-2))/5. Let g = 339 + l. What is the greatest common divisor of 21 and g?
21
Let t = -13 - -17. Suppose -t*h = -3*h - 20. Let j = 102 - 52. What is the highest common factor of h and j?
10
Suppose -8*w = -6*w - 6. Let v = 55 - -28. Suppose 5*c = 2*t - t + v, 0 = c - w*t - 25. What is the highest common factor of c and 8?
8
Suppose 4*b - 3*b + 20 = -4*r, -4*b = 4*r + 32. Let t be 16/(b - -8)*14. What is the highest common divisor of t and 14?
14
Suppose 72*b + 615 - 12054 = -1143. Let t be 1*13 + -2 + 2. What is the greatest common factor of t and b?
13
Let y(x) = 5*x - 3. Let w be y(3). Let h be -11*(-3)/6*w. Calculate the highest common factor of 22 and h.
22
Let i = -938 - -1163. What is the highest common divisor of i and 18?
9
Suppose -1496 = -3*h - 2*u, 2 = 2*u - 6. What is the greatest common factor of h and 31?
31
Let q(u) = u**3 + 13*u**2 - 7*u - 24. Let f be q(-12). Calculate the greatest common factor of f and 340.
68
Suppose 12*r - 8*r + 288 = 0. Let q = 116 + r. Calculate the highest common factor of q and 22.
22
Let j = -62 - -65. Suppose -2*g + j*l = -64, -4*g + 4*l + 135 - 7 = 0. Calculate the greatest common factor of g and 80.
16
Suppose 0 = 6*s - 190 - 20. Calculate the greatest common factor of s and 595.
35
Suppose -6*t + 188 = -220. Calculate the greatest common divisor of t and 17.
17
Let h = 144 + -138. Let a(v) = -3*v**3 + 3*v + 2*v**2 - 4*v + 0*v + 2*v. Let k be a(-1). What is the highest common divisor of h and k?
2
Suppose 0 = -3*g - 4*x + 8*x + 819, -5*g = 4*x - 1333. Let k = g + -94. Calculate the greatest common factor of k and 25.
25
Let f be 4 + (5 - -213) + 0. What is the greatest common divisor of f and 370?
74
Let c = 44 + -44. Suppose -3*a + 63 - 9 = c. Calculate the greatest common divisor of 99 and a.
9
Suppose -113 = -2*r - 13. Suppose 5*b - 54 = -2*m, 0 = 5*b - m + 15 - 63. Calculate the highest common divisor of b and r.
10
Let p(n) = -31*n - 94. Let z be p(-5). Calculate the greatest common factor of z and 976.
61
Suppose 16*o - 17*o + 2 = 0. Suppose 4*v - 95 = -5*w + 2*v, 44 = 2*w + 2*v. Let i = 27 - w. Calculate the highest common divisor of i and o.
2
Let q = -32 + 37. Let u be -1 + q + (2 - -2). What is the greatest common factor of 12 and u?
4
Let w be (-12)/60 - (3 + (-96)/(-20)). Let s be 1 + (-2)/2 + -4. Let j be (-290)/w + s/16. Calculate the highest common divisor of 24 and j.
12
Let i = 29 + -26. Suppose i*m - 21 = 21. Calculate the greatest common factor of m and 98.
14
Let w(x) = x**2 + 6*x - 126. Let k be w(-15). What is the highest common divisor of k and 9?
9
Let b(o) = 3*o**2 - 4*o - 6. Let w be b(3). Let l(f) = f**2 - 16. Let k be l(5). What is the greatest common factor of w and k?
9
Suppose 2520*o = 2517*o + 84. What is the highest common divisor of 5 and o?
1
Let u(x) = x**3 - 9*x**2 + 18*x + 2. Let r be u(6). Suppose o = k - 228, -r*o = 2*k - o - 447. What is the greatest common divisor of 25 and k?
25
Let y = -78 - -93. Calculate the highest common divisor of y and 20.
5
Let o = -18 + -21. Suppose 3*j - 7 + 28 = 0. Let n = j - o. What is the highest common divisor of 48 and n?
16
Suppose 13 = 4*q - 163. Suppose 2*l = 3*p - q, -p = -6*p - l + 69. Calculate the greatest common divisor of p and 28.
14
Suppose 5*t = -3*s + 8*t + 453, 0 = -3*s + 4*t + 452. Suppose 0 = 4*b + 4*y - s, -b + 5*y - 157 = -5*b. Calculate the greatest common divisor of 165 and b.
33
Suppose -3*m = -15 - 3. Let u = 146 + -80. What is the highest common factor of u and m?
6
Suppose -10 = i - 6*i. Suppose -i = -6*d + 154. What is the highest common factor of 13 and d?
13
Suppose -12*l + 10*l + 6 = 0. Let m be 17/l + (-2)/(-4 - 2). Calculate the highest common divisor of 3 and m.
3
Suppose -4*i + 8*i = 0. Suppose 6*z - 168 + 0 = i. Calculate the greatest common divisor of 42 and z.
14
Let i = -16 + 20. Suppose 17 = -0*o + o. Suppose o + i = s. What is the greatest common factor of s and 14?
7
Let d be 659/4 + 8/32. Suppose -6*o = -5*o - d. Suppose 0 = w - 8 - 7. Calculate the highest common factor of o and w.
15
Suppose 4*a + 38*f - 78 = 35*f, -30 = -5*f. Let s be (150/(-4))/((-1)/2). What is the greatest common factor of a and s?
15
Let z = 1620 + -1059. Calculate the highest common divisor of 17 and z.
17
Let g(z) = -z + 9. Let j be g(-1). What is the greatest common divisor of 2 and j?
2
Let f(c) = c**2 + 6*c - 5. Let k be f(-15). What is the greatest common factor of 10 and k?
10
Suppose 60*y = 46*y + 532. What is the highest common factor of 19 and y?
19
Let g = 120 - 72. Suppose 88 = 2*h - 2. Suppose 0 = 5*k + 4*m - 7*m - 89, 3*k = -m + h. Calculate the greatest common factor of k and g.
16
Suppose 3*m + 257 = 6*m + v, 4*m - 331 = v. Calculate the greatest common factor of 63 and m.
21
Suppose -2*z = -3*r - 111, -5*z - 2*r + 5*r + 300 = 0. Calculate the greatest common factor of 84 and z.
21
Let t(i) = 5*i - 3. Let r be t(2). Suppose 3*j + 121*n - 125*n - 25 = 0, -25 = -4*j - 3*n. Calculate the greatest common factor of j and r.
7
Suppose -6*z + 276 = -2*z. Suppose -2*l + 2*n = -62, 2*l + 5*n - z = -l. What is the greatest common divisor of 98 and l?
14
Let s be 5 + (0 - 2/(-4))*46. What is the greatest common factor of s and 84?
28
Suppose 4*l + 4*c - 36 = 0, 0 = -0*l + 2*l - c - 21. What is the highest common divisor of 90 and l?
10
Suppose -4*j - 27 = 3*v - 4*v, 4*v - 64 = 5*j. Suppose -19 - v = -6*t. What is the highest common divisor of t and 35?
5
Suppose 726*p = 722*p + 1196. What is the greatest common factor of p and 13?
13
Let i(h) = -h**3 - 10*h**2 + 14*h + 39. Let j be i(-11). Suppose 53 = j*d - 55. Suppose 4*o = 28 - 4. Calculate the greatest common factor of d and o.
6
Suppose -204 = -5*g + 116. Let s = 97 - g. Suppose 2*a = 40 + 4. Calculate the greatest common factor of a and s.
11
Suppose -3*i = -10 - 2. Let z be (-702)/(-4) + (i - 42/12). Suppose -2*m - 9 - 7 = -x, 3*m = 9. What is the greatest common factor of x and z?
22
Suppose 3*i = -5*s + 530 + 1698, -i - 1796 = -4*s. Calculate the greatest common factor of s and 28.
28
Let q(p) = 6*p - 5. Let u be q(-10). Let r = 69 + u. Calculate the greatest common divisor of 4 and r.
4
Let m be -10 + 17 + 290*1. Suppose -k = -4*v + 113, 2*k + 2 = -8. What is the greatest common divisor of v and m?
27
Suppose 4 = 3*u - 83. What is the greatest common divisor of 116 and u?
29
Let b = 7 + 3. Let x = 8 - b. Let f be (-12)/(x - 33/(-18)). Calculate the greatest common factor of 9 and f.
9
Let a(d) = 5 - 1 + 84*d + 0. Let z be a(8). Suppose 3*l + 2*l + h - z = 0, 3*h = 4*l - 537. What is the greatest common factor of l and 15?
15
Let q be (2/(-3))/(26/117). Let m be q/(-6) - (-18)/4. What is the highest common divisor of 1 and m?
1
Suppose -j - y = 4*j - 1059, -y = 1. Suppose 2*g - j = 172. Calculate the highest common divisor of 24 and g.
24
Let r be (17 + -43)*(-39)/6. What is the greatest common divisor of 26 and r?
13
Let m(y) = 10*y**2 + y. Let j = -2 - -4. Let q be m(j). Suppose -15*c - 150 = -465. Calculate the greatest common divisor of c and q.
21
Let y(r) = r**2 + 19*r - 6. Let z be y(-20). Let g = -8 + z. What is the highest common factor of 3 and g?
3
Let n be (-575)/(-65) + (28/(-91))/(-2). Calculate the highest common divisor of 189 and n.
9
Suppose -620 = -8*g - 236. What is the greatest common divisor of 30 and g?
6
Let s = 886 - 753. What is the hi